*-3). What is the highest common divisor of 144 and u?
16
Let y(b) = 1181*b - 2242. Let u be y(2). Calculate the greatest common factor of u and 7620.
60
Let a be (-1)/5 + (-33)/(-15) + 4. Let y(c) = -8*c**2 + 244*c + 42. Let j be y(30). What is the highest common factor of j and a?
6
Let b be 78/4 + 3/6. Let w(l) = 3*l**2 + 2*l - 11. Let u be w(-2). Let f be (-16)/u*30/b. What is the highest common divisor of 32 and f?
8
Let u(q) = 3*q**3 - 74*q**2 + 7*q - 179. Let m be u(31). What is the greatest common divisor of m and 171?
171
Let l be (-2)/9 + 1313/117. Suppose 12*f = -l + 143. Suppose 0 = -f*y + 309 + 10. Calculate the greatest common divisor of 87 and y.
29
Let q(l) = -10*l - 3. Let w be q(-3). Suppose -27*i - 4280 = -4361. Calculate the highest common factor of w and i.
3
Let i be (8745/(-132))/(-53) - (-2230)/8. What is the greatest common divisor of i and 3444?
28
Suppose 5716 = 4*r - 42*h + 39*h, -3*r = h - 4274. Calculate the greatest common factor of r and 248.
62
Suppose -5*x - 5*l + 125 = 0, 4*x - 428*l - 28 = -424*l. Calculate the greatest common factor of x and 37040.
16
Let p = 6479 + -5206. What is the highest common factor of 114 and p?
19
Let y(p) = 34*p**2 - 4*p - 6. Let v be y(-1). What is the greatest common divisor of v and 9072?
16
Let d(g) = 27*g - 37. Let a be d(6). Let q be 16 + 112/(-20) + 4/(-10). What is the highest common divisor of a and q?
5
Suppose 60*o - 14768 = -52*o + 19728. Calculate the greatest common divisor of o and 220.
44
Suppose -z - 3*z = -5*t - 241, -5*z = -t - 65. Let y = 47 + t. Suppose -2*w - 38 = -4*i, -y*i + 0*w + 7 = 3*w. Calculate the highest common divisor of 2 and i.
2
Suppose 0 = -4*h - 2*a + 462, -3*h - 9*a = -6*a - 345. What is the greatest common divisor of 3132 and h?
116
Let q be (12 - 7) + (-4 - -1). Suppose 135 = q*z - x, 5*z + 3*x = z + 255. What is the highest common divisor of 726 and z?
66
Let n(v) = 8*v + 0*v**2 - 2*v**2 + 24*v + 37. Let g be n(16). Let u = g + -17. What is the greatest common divisor of 30 and u?
10
Let a(f) = 8*f**2 - 2. Let o be a(2). Suppose o = -65*i + 68*i. Suppose n - 4*x = 26, 2*x = 3*n + 5*x - 18. Calculate the highest common factor of i and n.
10
Suppose 5*j - 5*z + 903 = -327, 0 = 5*j + 3*z + 1198. Let u be ((-396)/j)/((-3)/(-22)). What is the highest common factor of u and 192?
12
Let d be ((-32)/(-6))/((-2)/(-30)). Let s(v) = -19*v - 187. Let t be s(-13). What is the highest common divisor of d and t?
20
Suppose -3*b = -2*k - 2336, 2*b + 4*k + 762 = 3*b. What is the greatest common factor of b and 68?
34
Let z(n) = 4*n**3 - 27*n**2 - n - 3. Let v be z(7). What is the highest common divisor of 481 and v?
13
Suppose 2737 = 3*t + 2716. Suppose -2*i - 818 = -0*r - 2*r, 0 = 4*r + 3*i - 1664. Calculate the highest common divisor of t and r.
7
Let t be 7/14 - 76/(-8). Let z = 56 - 6. Calculate the greatest common divisor of z and t.
10
Let a = -956 - -2611. Calculate the highest common divisor of a and 10.
5
Let n be (396/(-110))/((-3)/220). Suppose -n = -0*j - 4*j. Suppose -4*d + 93 = v - d, d + 2 = 0. What is the greatest common factor of j and v?
33
Let n = -12 - -24. Suppose -9*r = -62*r - 924 + 9192. Calculate the greatest common divisor of n and r.
12
Suppose 0 = 4*i + 9*q - 4*q + 394, -2*i - 3*q = 198. Let o be 39 + 0 + -2 + i/24. Calculate the highest common factor of 363 and o.
33
Suppose 2*y - 4 = 4*u, 4*y - 3*u = -0*u + 18. Suppose y + 2 = 2*r. Suppose 38 = -4*b + 182. Calculate the greatest common divisor of r and b.
4
Suppose 279*p = 119*p + 22080. What is the greatest common divisor of p and 1058?
46
Suppose -16 + 9 = 7*x. Let y be ((-98)/4)/x - (-18)/12. Calculate the highest common divisor of 13 and y.
13
Let u = 774 + -294. Suppose 234 = 10*x + 84. Calculate the greatest common factor of x and u.
15
Let b = -3580 + 3656. What is the greatest common factor of b and 3268?
76
Let r(k) = -k**2 - 18*k - 24. Let a be r(-5). Suppose -4*v - u + a + 86 = 0, 2*v + 2*u = 56. Calculate the greatest common divisor of v and 66.
33
Suppose 5*m - 1398 = 1252. Let v = m + -362. Let y be 18/(-4)*28/(-6). Calculate the highest common factor of v and y.
21
Let a(n) = -n**2 + 27. Let y be a(4). Suppose 66 = 4*f - 2*f. Calculate the greatest common factor of f and y.
11
Let c = -1368 + 1384. Calculate the greatest common divisor of 144 and c.
16
Let j(g) = g**2 + 2*g + 1. Let z(h) = 3*h**2 - 34*h + 161. Let v(m) = -4*j(m) + z(m). Let c be v(-43). What is the greatest common factor of c and 38?
38
Let i = -46 + 79. Let g = i + -9. Let w(s) = 54*s + 1574. Let z be w(-29). What is the greatest common divisor of g and z?
8
Let x = 12720 + -12676. Calculate the highest common divisor of 2156 and x.
44
Suppose 4*z + 26 = -2*n, 5*z = 2*n + n - 16. Let p be (-1)/z + (-17)/((-170)/8). What is the highest common divisor of 16 and p?
1
Let t(y) = y**2 + 7*y + 6. Let u be t(-6). Let c(q) = 1 + 6 + 8 - q. Let s be c(u). Calculate the highest common divisor of s and 195.
15
Let p be (66/(-8))/(21/56). Let x = p - -94. Suppose 4*r - 44 = -5*i, -3*i - 2*i + 3*r = -x. What is the greatest common divisor of 132 and i?
12
Let x = 69 - 178. Let s = 161 + x. Suppose 0 = -z + 2*b + s, -b - 49 = z - 2*z. What is the greatest common divisor of z and 322?
46
Let r be (-122)/(-12) + (-3)/18. Let c = -180 + 125. Let s be (76/r)/((-22)/c). What is the highest common factor of s and 152?
19
Let q = 11018 + -10943. What is the greatest common factor of q and 4000?
25
Suppose 32 = 2*i + 5*w, 11*w - 13*w = 0. Let j be (-4 - 38)*(100/(-12) + 3). What is the greatest common divisor of j and i?
16
Let n(o) = 47*o - 5. Let q be (-54)/9*(-2 - (-11)/6). Let g be n(q). What is the highest common divisor of 28 and g?
14
Suppose -1 = 2*j - 5. Suppose 0*s = -j*s + 630. Suppose -4*y = -5*i + 167, 0 = 4*i - 2*y + 5*y - 146. Calculate the highest common divisor of s and i.
35
Let u be (48/(-20))/((-9)/3300). Suppose 91*l = 92*l - 55. What is the greatest common divisor of u and l?
55
Suppose -5*j + 9*j = -5*a - 33, 0 = -4*a - 4*j - 28. Let y be (-1296)/(-60) - 2/a. What is the greatest common divisor of y and 12?
2
Let s = -110 + 514. Suppose 0 = -9*p + 721 + s. What is the greatest common factor of p and 350?
25
Let w be (20/22)/(-7 - 624/(-88)). What is the highest common factor of 1215 and w?
5
Let y = 30 - 4. Let j(s) = 140*s + 853. Let d be j(-6). What is the greatest common factor of y and d?
13
Let i be (-80631)/(-816) - (-6)/32. Calculate the greatest common factor of i and 72.
9
Let r = -21461 - -21697. What is the greatest common divisor of r and 59?
59
Let k = 1507 - -260. What is the greatest common factor of k and 31?
31
Let r be -6 + -1 + 301 + 252. What is the highest common factor of r and 897?
39
Suppose 5*v + z = 1871, 549 + 213 = 2*v - 3*z. Calculate the greatest common divisor of v and 5.
5
Let x = 28 - 18. Let c(k) = 9*k + 99. Let d be c(15). Let o be (-6)/x - d/(-15). Calculate the greatest common divisor of o and 45.
15
Let z(o) = 9*o + 297. Let d be z(-20). Suppose 104 = -0*x + 4*x. Calculate the greatest common factor of d and x.
13
Let d(g) = 98 + 5*g + 57 - 125 + g**2. Let f be d(-5). Let w be -4*198/(-15) - (-6)/f. Calculate the highest common factor of 53 and w.
53
Let i be (2*-3)/(-2 - 7/(-14)). Let h = -3 + -1. Let f be -6 + 2 + 4 - h. What is the greatest common divisor of i and f?
4
Let m be 1266/10 + (8 - 172/20). Let q be 417/27 + (-56)/m. Calculate the greatest common factor of q and 105.
15
Suppose 14*v = 222 + 30. Let l(s) = 52*s**2 + 4*s - 2. Let t be l(-2). What is the greatest common factor of v and t?
18
Suppose -7*t + 1593 = -101. Suppose -w + 55 = -5*i - 4, -3*i = -w + 53. Calculate the greatest common factor of t and w.
22
Let m be 30 - ((-9)/(-3) - 7). Let h = 27 + -30. Let b be 921/9 - (1 - (-2)/h). What is the greatest common factor of m and b?
34
Let s be 1 - (-12 - (23 - 21)/(2/(-5))). Calculate the greatest common factor of 1024 and s.
8
Suppose 0 = -3*b + 21, 452*d - 456*d + 4*b + 4 = 0. Let c = 2 - -2. Let s = c - -20. What is the highest common divisor of s and d?
8
Let c be (-1758)/15 + 13/65. Let l be (-2502)/(-16) - (c/24)/(-13). Calculate the greatest common divisor of 12 and l.
12
Suppose -5*y - 20 = 0, -2*k - 30 = 3*k + 5*y. Let j be ((